{"id":301,"date":"2018-07-30T14:34:34","date_gmt":"2018-07-30T12:34:34","guid":{"rendered":"http:\/\/www.almaber.com\/2\/?page_id=301"},"modified":"2018-09-07T14:54:18","modified_gmt":"2018-09-07T12:54:18","slug":"atencion-al-cliente","status":"publish","type":"page","link":"https:\/\/www.almaber.com\/2\/atencion-al-cliente\/","title":{"rendered":"Atenci\u00f3n al cliente"},"content":{"rendered":"<p>&nbsp;<\/p>\n<p style=\"text-align: left;\"><a href=\"http:\/\/www.almaber.com\/2\/wp-content\/uploads\/2018\/08\/Satisfaccion_cliente_3_652_400rd.jpg\"><img loading=\"lazy\" decoding=\"async\" class=\" wp-image-442 alignleft\" src=\"http:\/\/www.almaber.com\/2\/wp-content\/uploads\/2018\/08\/Satisfaccion_cliente_3_652_400rd-300x184.jpg\" alt=\"\" width=\"365\" height=\"223\" srcset=\"https:\/\/www.almaber.com\/2\/wp-content\/uploads\/2018\/08\/Satisfaccion_cliente_3_652_400rd-300x184.jpg 300w, https:\/\/www.almaber.com\/2\/wp-content\/uploads\/2018\/08\/Satisfaccion_cliente_3_652_400rd.jpg 652w\" sizes=\"auto, (max-width: 365px) 100vw, 365px\" \/><\/a>La primera venta la hace el vendedor. La segunda el equipo que le presta un servicio eficiente.<\/p>\n<p style=\"text-align: left;\"><!--more--><\/p>\n<p style=\"text-align: left;\">Los responsables de esta segunda venta, que logran la fidelizaci\u00f3n de nuestros clientes, deben comprender la importancia del servicio y lo que implica ser un profesional dentro de una empresa comercial.<\/p>\n<p style=\"text-align: left;\">Servir bien implica re-vender. Este concepto de <em><strong>venta de ideas\u00a0<\/strong><\/em> es la clave para mantener y afianzar nuestra relaci\u00f3n con nuestros clientes.<\/p>\n<p style=\"text-align: left;\">Sabemos lo que cuesta transmitir esta idea a nuestros t\u00e9cnicos y personal administrativo.<\/p>\n<p style=\"text-align: left;\">Si la estrategia de su empresa necesita reforzar la fidelizaci\u00f3n por medio del servicio, le ofrecemos nuestra experiencia de m\u00e1s de 25 a\u00f1os en empresas de todos los sectores.<\/p>\n<p style=\"text-align: center;\"><a href=\"http:\/\/www.almaber.com\/2\/contactar\/\">\u00a1Contacte con nosotros!<\/a><\/p>\n<p>&nbsp;<\/p>\n<p>&nbsp;<\/p>\n","protected":false},"excerpt":{"rendered":"<p>&nbsp; La primera venta la hace el vendedor. La segunda el equipo que le presta un servicio eficiente.<\/p>\n","protected":false},"author":2,"featured_media":341,"parent":0,"menu_order":0,"comment_status":"closed","ping_status":"closed","template":"","meta":{"_monsterinsights_skip_tracking":false,"_monsterinsights_sitenote_active":false,"_monsterinsights_sitenote_note":"","_monsterinsights_sitenote_category":0,"footnotes":""},"class_list":["post-301","page","type-page","status-publish","has-post-thumbnail","hentry"],"aioseo_notices":[],"_links":{"self":[{"href":"https:\/\/www.almaber.com\/2\/wp-json\/wp\/v2\/pages\/301","targetHints":{"allow":["GET"]}}],"collection":[{"href":"https:\/\/www.almaber.com\/2\/wp-json\/wp\/v2\/pages"}],"about":[{"href":"https:\/\/www.almaber.com\/2\/wp-json\/wp\/v2\/types\/page"}],"author":[{"embeddable":true,"href":"https:\/\/www.almaber.com\/2\/wp-json\/wp\/v2\/users\/2"}],"replies":[{"embeddable":true,"href":"https:\/\/www.almaber.com\/2\/wp-json\/wp\/v2\/comments?post=301"}],"version-history":[{"count":17,"href":"https:\/\/www.almaber.com\/2\/wp-json\/wp\/v2\/pages\/301\/revisions"}],"predecessor-version":[{"id":456,"href":"https:\/\/www.almaber.com\/2\/wp-json\/wp\/v2\/pages\/301\/revisions\/456"}],"wp:featuredmedia":[{"embeddable":true,"href":"https:\/\/www.almaber.com\/2\/wp-json\/wp\/v2\/media\/341"}],"wp:attachment":[{"href":"https:\/\/www.almaber.com\/2\/wp-json\/wp\/v2\/media?parent=301"}],"curies":[{"name":"wp","href":"https:\/\/api.w.org\/{rel}","templated":true}]}}